{"id":62994,"date":"2025-09-19T12:19:22","date_gmt":"2025-09-19T10:19:22","guid":{"rendered":"https:\/\/mondevanille.com\/produit\/grains-noirs-caviar-de-vanille\/"},"modified":"2026-03-11T15:52:51","modified_gmt":"2026-03-11T14:52:51","slug":"grains-noirs-caviar-de-vanille","status":"publish","type":"product","link":"https:\/\/mondevanille.com\/es\/producto\/grains-noirs-caviar-de-vanille\/","title":{"rendered":"Grains Noirs <br> \u00abCaviar de Vanille"},"content":{"rendered":"<p><strong>100% GRANOS DE VANILLA NEGRA \u00abCaviar de Vainilla<\/strong><\/p>\n<p>Descubre nuestra gama de vainas de vainilla 100% negra, meticulosamente recolectadas y seleccionadas a mano. Proceden exclusivamente de las vainas de la <span style=\"color: #ff0000;\"><strong><a style=\"color: #ff0000;\" href=\"https:\/\/mondevanille.com\/es\/sabores-del-origen-de-la-vainilla\/\" target=\"_blank\" rel=\"noopener\">Vainilla Planifolia<\/a><\/strong><\/span> seleccionadas por sus cualidades organol\u00e9pticas. Las vainas cortadas a mano no se agotan, lo que garantiza una potencia arom\u00e1tica excepcional. <\/p>\n<p>Con sus ricas y matizadas notas de cacao y especias, estas aut\u00e9nticas vainas de vainilla negra recuerdan a los productos del Oc\u00e9ano \u00cdndico, y en particular a la <strong><a title=\"Vainilla Bourbon de Madagascar\" href=\"https:\/\/mondevanille.com\/es\/producto\/vainilla-de-madagascar\/\">vainilla de Madagascar<\/a><\/strong>.<\/p>\n<p>Ideal para pasteleros, cocineros y amantes de la cocina, la vaina de vainilla 100% natural optimiza el tiempo de preparaci\u00f3n de tus recetas. Listo para usar, este producto concentra todo el poder arom\u00e1tico de la vainilla y nada m\u00e1s, aportando un toque excepcional a todas tus creaciones: cremas, helados, pasteles, salsas, c\u00f3cteles e infusiones. Su textura flexible y pr\u00e1ctica facilita su dosificaci\u00f3n. Gracias a su alta concentraci\u00f3n de vainillina natural (38 g\/kg) y su bajo contenido en humedad (menos del 10%), bastan unos pocos gramos para aromatizar tu preparaci\u00f3n. No hace falta partir ni raspar la vaina.    <\/p>\n<blockquote>\n<p style=\"text-align: left;\"><strong>\u00bfPor qu\u00e9 elegir nuestro caviar de vainilla?<\/strong><\/p>\n<\/blockquote>\n<ul>\n<li style=\"text-align: left;\">Sabor intenso y aut\u00e9ntico, rico en vainillina natural.<\/li>\n<li style=\"text-align: left;\">Ahorra tiempo en la cocina: el producto ya est\u00e1 listo para usar.<\/li>\n<li style=\"text-align: left;\">Un producto refinado y noble que s\u00f3lo contiene jud\u00edas negras, ideal para realzar tus postres y recetas gourmet.<\/li>\n<li style=\"text-align: left;\">Vainilla sostenible procedente de plantaciones locales respetuosas con los productores y el medio ambiente.<\/li>\n<\/ul>\n<p><strong>Composici\u00f3n<\/strong>: 100 % granos negros de vainilla no agotada de <a href=\"https:\/\/fr.wikipedia.org\/wiki\/Vanille\">Vanilla Planifolia<\/a> (origen Uganda\/Madagascar - <strong><a href=\"https:\/\/mondevanille.com\/wp-content\/uploads\/2021\/02\/2025_09_18_LE_MONDE_DE_LA_VANILLE_2509046Va.pdf\">bolet\u00edn de an\u00e1lisis<\/a><\/strong>), sin aditivos ni conservantes.<br \/>\nConservar preferiblemente en fr\u00edo despu\u00e9s de abrir.<\/p>\n<p style=\"text-align: left;\">NB: No confundir este producto con la oferta<span style=\"color: #ff0000;\"> <strong><a style=\"color: #ff0000;\" title=\"Polvo y grano usado\" href=\"https:\/\/mondevanille.com\/es\/producto\/polvo-y-granos\/\" target=\"_blank\" rel=\"noopener\">vainas de vainilla agotadas<\/a><\/strong> <\/span>esta \u00faltima es un marcador visual sin poder arom\u00e1tico.<\/p>\n<hr>\n<p style=\"text-align: center;\"><a href=\"\/wp-content\/uploads\/2021\/02\/2025_09_18_LE_MONDE_DE_LA_VANILLE_2509046Va.pdf\" target=\"_blank\" rel=\"noopener\"> <img decoding=\"async\" src=\"https:\/\/mondevanille.com\/wp-content\/uploads\/2021\/02\/file.png\" alt=\"caviar de vainilla\" width=\"83\" height=\"83\"> <\/a> <a style=\"font-size: inherit;\" title=\"Bolet\u00edn de an\u00e1lisis\" href=\"\/wp-content\/uploads\/2021\/02\/2025_09_18_LE_MONDE_DE_LA_VANILLE_2509046Va.pdf\" target=\"_blank\" rel=\"noopener\">Bolet\u00edn de An\u00e1lisis<\/a> <a href=\"\/wp-content\/uploads\/2021\/02\/Analyse-Grain-Noir-Le-Monde-de-la-Vanille.pdf\" target=\"_blank\" rel=\"noopener\"> <img decoding=\"async\" src=\"https:\/\/mondevanille.com\/wp-content\/uploads\/2021\/02\/file.png\" alt=\"caviar de vainilla\" width=\"83\" height=\"83\"> <\/a> <a style=\"font-size: inherit;\" title=\"Microbiolog\u00eda\" href=\"\/wp-content\/uploads\/2021\/02\/Analyse-Grain-Noir-Le-Monde-de-la-Vanille.pdf\" target=\"_blank\" rel=\"noopener\">Microbiolog\u00eda<\/a><\/p>\n","protected":false},"excerpt":{"rendered":"<p><strong>100% VAINAS DE VAINILLA NEGRA<\/strong><\/p>\n<p>Descubre nuestra oferta de \u00abCaviar de Vainilla\u00bb, meticulosamente recolectados y clasificados a mano, proceden exclusivamente de las vainas de <span style=\"color: #ff0000;\"><strong><a style=\"color: #ff0000;\" href=\"https:\/\/mondevanille.com\/es\/sabores-del-origen-de-la-vainilla\/\" target=\"_blank\" rel=\"noopener\">Vainilla Planifolia<\/a><\/strong><\/span> seleccionadas por sus cualidades organol\u00e9pticas. Las vainas cortadas a mano no se agotan, lo que garantiza un poder arom\u00e1tico excepcional. <\/p>\n<p><strong>\u00bfPor qu\u00e9 elegir nuestro caviar de vainilla?<\/strong><\/p>\n<ul>\n<li>Sabor intenso y aut\u00e9ntico, rico en vainillina natural.<\/li>\n<li>Ahorra tiempo en la cocina: el producto ya est\u00e1 listo para usar.<\/li>\n<li>Un producto refinado y noble, ideal para realzar tus postres y recetas gourmet.<\/li>\n<li>Vainilla sostenible procedente de plantaciones locales respetuosas con los productores y el medio ambiente.<\/li>\n<\/ul>\n<p><strong>Composici\u00f3n<\/strong>: 100% vainas de vainilla negra no agotadas, sin aditivos ni conservantes. Gu\u00e1rdalo en un lugar fresco despu\u00e9s de abrirlo. <\/p>\n<p>NB: No confundir este producto con la oferta<span style=\"color: #ff0000;\"> <strong><a style=\"color: #ff0000;\" title=\"Polvo y grano usado\" href=\"https:\/\/mondevanille.com\/es\/producto\/polvo-y-granos\/\" target=\"_blank\" rel=\"noopener\">vainas de vainilla agotadas<\/a><\/strong> <\/span>esta \u00faltima es un marcador visual sin poder arom\u00e1tico.<\/p>\n<p style=\"text-align: center;\"><a href=\"\/wp-content\/uploads\/2021\/02\/2025_09_18_LE_MONDE_DE_LA_VANILLE_2509046Va.pdf\" target=\"_blank\" rel=\"noopener\"> <img decoding=\"async\" class=\"\" src=\"https:\/\/mondevanille.com\/wp-content\/uploads\/2021\/02\/file.png\" alt=\"caviar de vainilla\" width=\"29\" height=\"29\"> <\/a> <a style=\"font-size: inherit;\" title=\"Bolet\u00edn de an\u00e1lisis\" href=\"\/wp-content\/uploads\/2021\/02\/2025_09_18_LE_MONDE_DE_LA_VANILLE_2509046Va.pdf\" target=\"_blank\" rel=\"noopener\">Bulletin D&#8217;analyse<\/a> - <a href=\"\/wp-content\/uploads\/2021\/02\/Analyse-Grain-Noir-Le-Monde-de-la-Vanille.pdf\" target=\"_blank\" rel=\"noopener\"><img decoding=\"async\" class=\"\" src=\"https:\/\/mondevanille.com\/wp-content\/uploads\/2021\/02\/file.png\" alt=\"caviar de vainilla\" width=\"25\" height=\"25\"> <\/a> <a style=\"font-size: inherit;\" title=\"Microbiolog\u00eda\" href=\"\/wp-content\/uploads\/2021\/02\/Analyse-Grain-Noir-Le-Monde-de-la-Vanille.pdf\" target=\"_blank\" rel=\"noopener\">Microbiolog\u00eda<\/a><\/p>\n<p style=\"text-align: center;\"><a href=\"https:\/\/mondevanille.com\/es\/producto\/grains-noirs-caviar-de-vanille\/?attribute_pa_origines=madagascar&#038;attribute_pa_quantite=1kg\"><img loading=\"lazy\" decoding=\"async\" src=\"https:\/\/mondevanille.com\/wp-content\/uploads\/2022\/12\/Offre-Speciale-600x280.webp\" alt=\"Oferta especial\" width=\"65\" height=\"27\"><span style=\"color: #ff0000;\"><strong>Este producto tiene un 5% de descuento &gt;&gt;AQU\u00cd&lt;&lt;<\/strong><\/span><\/a><\/p>\n","protected":false},"featured_media":62919,"template":"","meta":[],"product_brand":[],"product_cat":[548,509,434,670,379],"product_tag":[],"class_list":{"0":"post-62994","1":"product","2":"type-product","3":"status-publish","4":"has-post-thumbnail","6":"product_cat-a-la-venta-es","7":"product_cat-polvo","8":"product_cat-productos-transformados","9":"product_cat-profesionales","10":"product_cat-extracto-de-vainilla","12":"first","13":"instock","14":"sale","15":"taxable","16":"shipping-taxable","17":"purchasable","18":"product-type-variable","19":"wvs-archive-product-wrapper"},"aioseo_notices":[],"_links":{"self":[{"href":"https:\/\/mondevanille.com\/es\/wp-json\/wp\/v2\/product\/62994","targetHints":{"allow":["GET"]}}],"collection":[{"href":"https:\/\/mondevanille.com\/es\/wp-json\/wp\/v2\/product"}],"about":[{"href":"https:\/\/mondevanille.com\/es\/wp-json\/wp\/v2\/types\/product"}],"wp:featuredmedia":[{"embeddable":true,"href":"https:\/\/mondevanille.com\/es\/wp-json\/wp\/v2\/media\/62919"}],"wp:attachment":[{"href":"https:\/\/mondevanille.com\/es\/wp-json\/wp\/v2\/media?parent=62994"}],"wp:term":[{"taxonomy":"product_brand","embeddable":true,"href":"https:\/\/mondevanille.com\/es\/wp-json\/wp\/v2\/product_brand?post=62994"},{"taxonomy":"product_cat","embeddable":true,"href":"https:\/\/mondevanille.com\/es\/wp-json\/wp\/v2\/product_cat?post=62994"},{"taxonomy":"product_tag","embeddable":true,"href":"https:\/\/mondevanille.com\/es\/wp-json\/wp\/v2\/product_tag?post=62994"}],"curies":[{"name":"wp","href":"https:\/\/api.w.org\/{rel}","templated":true}]}}

<p><strong>100% GRANOS DE VANILLA NEGRA «Caviar de Vainilla</strong></p>
<p>Descubre nuestra gama de vainas de vainilla 100% negra, meticulosamente recolectadas y seleccionadas a mano. Proceden exclusivamente de las vainas de la <span style="color: #ff0000;"><strong><a style="color: #ff0000;" href="https://mondevanille.com/es/sabores-del-origen-de-la-vainilla/" target="_blank" rel="noopener">Vainilla Planifolia</a></strong></span> seleccionadas por sus cualidades organolépticas. Las vainas cortadas a mano no se agotan, lo que garantiza una potencia aromática excepcional. </p>
<p>Con sus ricas y matizadas notas de cacao y especias, estas auténticas vainas de vainilla negra recuerdan a los productos del Océano Índico, y en particular a la <strong><a title="Vainilla Bourbon de Madagascar" href="https://mondevanille.com/es/producto/vainilla-de-madagascar/">vainilla de Madagascar</a></strong>.</p>
<p>Ideal para pasteleros, cocineros y amantes de la cocina, la vaina de vainilla 100% natural optimiza el tiempo de preparación de tus recetas. Listo para usar, este producto concentra todo el poder aromático de la vainilla y nada más, aportando un toque excepcional a todas tus creaciones: cremas, helados, pasteles, salsas, cócteles e infusiones. Su textura flexible y práctica facilita su dosificación. Gracias a su alta concentración de vainillina natural (38 g/kg) y su bajo contenido en humedad (menos del 10%), bastan unos pocos gramos para aromatizar tu preparación. No hace falta partir ni raspar la vaina.    </p>
<blockquote>
<p style="text-align: left;"><strong>¿Por qué elegir nuestro caviar de vainilla?</strong></p>
</blockquote>
<ul>
<li style="text-align: left;">Sabor intenso y auténtico, rico en vainillina natural.</li>
<li style="text-align: left;">Ahorra tiempo en la cocina: el producto ya está listo para usar.</li>
<li style="text-align: left;">Un producto refinado y noble que sólo contiene judías negras, ideal para realzar tus postres y recetas gourmet.</li>
<li style="text-align: left;">Vainilla sostenible procedente de plantaciones locales respetuosas con los productores y el medio ambiente.</li>
</ul>
<p><strong>Composición</strong>: 100 % granos negros de vainilla no agotada de <a href="https://fr.wikipedia.org/wiki/Vanille">Vanilla Planifolia</a> (origen Uganda/Madagascar - <strong><a href="https://mondevanille.com/wp-content/uploads/2021/02/2025_09_18_LE_MONDE_DE_LA_VANILLE_2509046Va.pdf">boletín de análisis</a></strong>), sin aditivos ni conservantes.<br />
Conservar preferiblemente en frío después de abrir.</p>
<p style="text-align: left;">NB: No confundir este producto con la oferta<span style="color: #ff0000;"> <strong><a style="color: #ff0000;" title="Polvo y grano usado" href="https://mondevanille.com/es/producto/polvo-y-granos/" target="_blank" rel="noopener">vainas de vainilla agotadas</a></strong> </span>esta última es un marcador visual sin poder aromático.</p>
<hr>
<p style="text-align: center;"><a href="/wp-content/uploads/2021/02/2025_09_18_LE_MONDE_DE_LA_VANILLE_2509046Va.pdf" target="_blank" rel="noopener"> <img decoding="async" src="https://mondevanille.com/wp-content/uploads/2021/02/file.png" alt="caviar de vainilla" width="83" height="83"> </a> <a style="font-size: inherit;" title="Boletín de análisis" href="/wp-content/uploads/2021/02/2025_09_18_LE_MONDE_DE_LA_VANILLE_2509046Va.pdf" target="_blank" rel="noopener">Boletín de Análisis</a> <a href="/wp-content/uploads/2021/02/Analyse-Grain-Noir-Le-Monde-de-la-Vanille.pdf" target="_blank" rel="noopener"> <img decoding="async" src="https://mondevanille.com/wp-content/uploads/2021/02/file.png" alt="caviar de vainilla" width="83" height="83"> </a> <a style="font-size: inherit;" title="Microbiología" href="/wp-content/uploads/2021/02/Analyse-Grain-Noir-Le-Monde-de-la-Vanille.pdf" target="_blank" rel="noopener">Microbiología</a></p>

<p><strong>100% VAINAS DE VAINILLA NEGRA</strong></p>
<p>Descubre nuestra oferta de «Caviar de Vainilla», meticulosamente recolectados y clasificados a mano, proceden exclusivamente de las vainas de <span style="color: #ff0000;"><strong><a style="color: #ff0000;" href="https://mondevanille.com/es/sabores-del-origen-de-la-vainilla/" target="_blank" rel="noopener">Vainilla Planifolia</a></strong></span> seleccionadas por sus cualidades organolépticas. Las vainas cortadas a mano no se agotan, lo que garantiza un poder aromático excepcional. </p>
<p><strong>¿Por qué elegir nuestro caviar de vainilla?</strong></p>
<ul>
<li>Sabor intenso y auténtico, rico en vainillina natural.</li>
<li>Ahorra tiempo en la cocina: el producto ya está listo para usar.</li>
<li>Un producto refinado y noble, ideal para realzar tus postres y recetas gourmet.</li>
<li>Vainilla sostenible procedente de plantaciones locales respetuosas con los productores y el medio ambiente.</li>
</ul>
<p><strong>Composición</strong>: 100% vainas de vainilla negra no agotadas, sin aditivos ni conservantes. Guárdalo en un lugar fresco después de abrirlo. </p>
<p>NB: No confundir este producto con la oferta<span style="color: #ff0000;"> <strong><a style="color: #ff0000;" title="Polvo y grano usado" href="https://mondevanille.com/es/producto/polvo-y-granos/" target="_blank" rel="noopener">vainas de vainilla agotadas</a></strong> </span>esta última es un marcador visual sin poder aromático.</p>
<p style="text-align: center;"><a href="/wp-content/uploads/2021/02/2025_09_18_LE_MONDE_DE_LA_VANILLE_2509046Va.pdf" target="_blank" rel="noopener"> <img decoding="async" class="" src="https://mondevanille.com/wp-content/uploads/2021/02/file.png" alt="caviar de vainilla" width="29" height="29"> </a> <a style="font-size: inherit;" title="Boletín de análisis" href="/wp-content/uploads/2021/02/2025_09_18_LE_MONDE_DE_LA_VANILLE_2509046Va.pdf" target="_blank" rel="noopener">Bulletin D&#8217;analyse</a> - <a href="/wp-content/uploads/2021/02/Analyse-Grain-Noir-Le-Monde-de-la-Vanille.pdf" target="_blank" rel="noopener"><img decoding="async" class="" src="https://mondevanille.com/wp-content/uploads/2021/02/file.png" alt="caviar de vainilla" width="25" height="25"> </a> <a style="font-size: inherit;" title="Microbiología" href="/wp-content/uploads/2021/02/Analyse-Grain-Noir-Le-Monde-de-la-Vanille.pdf" target="_blank" rel="noopener">Microbiología</a></p>
<p style="text-align: center;"><a href="https://mondevanille.com/es/producto/grains-noirs-caviar-de-vanille/?attribute_pa_origines=madagascar&#038;attribute_pa_quantite=1kg"><img loading="lazy" decoding="async" src="https://mondevanille.com/wp-content/uploads/2022/12/Offre-Speciale-600x280.webp" alt="Oferta especial" width="65" height="27"><span style="color: #ff0000;"><strong>Este producto tiene un 5% de descuento &gt;&gt;AQUÍ&lt;&lt;</strong></span></a></p>
